 - (98 + -135)
43
Evaluate -21 - -39 - 8 - 13 - -33.
30
Calculate -13 + (-26 - -37 - 22).
-24
Evaluate 1 + 2 + (82 + -64 - (8 + 1)).
12
What is the value of -14 + 5 + -1 + (69 + -54 - 19)?
-14
Calculate -3 - (-10 + 23 + -10) - ((6 - 4) + 17).
-25
What is -47 - (-10 + (12 - 33)) - 10?
-26
Evaluate 742 + -945 + (70 - 5).
-138
Calculate 34 + (35 - (9 - -94)).
-34
Calculate 2 + 23 + (6 + -1 + 5 - 1).
34
Calculate -66 + -4 + 143 - 118.
-45
What is -8 + 0 + -14 + -36 + 20 + 35 - 8?
-11
-44 - 7 - (-4 + -4) - (-194 - -216)
-65
What is 12 - (-13 - -5 - -11 - 0 - 3)?
12
What is 102 - (7 + 145 + 19)?
-69
35 + -36 + 20 - (-45 + 9)
55
What is 22 + (13 - -21) + -25 + 10?
41
Evaluate 7 + 6 + -3 + (-3 - 23) + 26 + -22.
-12
Calculate 4 - (1 - -1 - 31) - (-170 + 160).
43
What is the value of (3 + -17 - (-38 + 23 - -20)) + -73?
-92
What is 25 - (0 + (-17 - -181) - -5) - (-14 - 0)?
-130
What is the value of (1 - 76 - (-370 + 356)) + (1 - -6)?
-54
What is 16 + 31 + 50 - (-3 + 4 + 0 + -3)?
99
35 - (60 - (-5 - -85))
55
66 - (-49 - (83 - 258))
-60
Evaluate -177 - ((-121 - -140) + -103).
-93
Calculate -4 - 1 - ((-9 + 13 - -14) + 16).
-39
77 + (69 - 91) + -57
-2
-5 + -28 + (-7 - 12 - -26) + -20
-46
What is the value of -29 + 97 + 0 - 59?
9
Evaluate -51 - (0 + -2 + 1) - (-164 + 162).
-48
What is 48 - ((-13 - (2 - 3)) + (-81 - -211 - 106))?
36
Evaluate (-7 - 5) + (6 - ((-4 - -4 - -8) + 79)).
-93
Calculate 104 - (-14 - (-31 - 1) - 10).
96
3 + (39 - 19) - (207 + -12 - 26)
-146
Evaluate (11 - (6 - 4)) + 92 - (71 - 59).
89
Calculate 243 - 254 - (-1 + (3 - -1) - (-5 - -15)).
-4
-101 + 52 + 8 + -10
-51
Evaluate 1 + -7 + (1 - 10 - (22 - 26)) - 10.
-21
Calculate -76 + (12 - 6 - ((2 - 7) + 15 - 5)).
-75
Evaluate 11 + 20 + (0 + -1 - -3).
33
Calculate -10 + 48 + (-67 - -72).
43
What is the value of -5 + (4 - 2) + -3 + -5674 + 5702?
22
(-10 - 28) + -10 + (6 + -18 - (-3 - 8))
-49
What is 8 - 2 - ((143 - 197) + 19 + -5 + 2)?
44
What is -46 - -35 - (2 + (4 - 11) + -11) - -102?
107
What is the value of (-5580 - -5556) + 1 + 1?
-22
Calculate -60 + 178 - 107 - (52 + 1).
-42
What is (-2130 - -2096) + (0 - -47)?
13
What is the value of -151 - -21 - -113 - (1 + 115 + 0)?
-133
What is the value of -125 - (-29 - 68) - -22?
-6
(2 - (14 + 8)) + (6 - (31 - 15))
-30
Evaluate (-11 - (-56 + 22 - -21)) + 33.
35
What is 21 + (-40 - -42) - (1 - (-13 + 1))?
10
Evaluate 7 + 17 + -4 - (-27 - 41).
88
Calculate (-1 - 0) + 58 - ((80 - 41) + -36 + 3).
51
-5 - (2 + -1 + -12) - (8 + -12 - -11)
-1
What is 21 + (-1 + 24 + 1 - 14) - (6 + -1)?
26
What is (-18 - (8 + (11 - 34))) + 140?
137
Calculate -5 - (-1 + -9) - (-24 - -25) - (-18 - 76).
98
Evaluate (1 - 2) + 3 + (20 - 6 - 16 - -31).
31
(19 - (2 + -2)) + 40 + (-173 - -142)
28
What is the value of -14 + (-46 - 35 - (-15 + 1) - -5)?
-76
Calculate 46 + 0 - (0 - (-10 - -31)).
67
Calculate 2 + (-86 - (1 - (-1 + -4))) + 208 + -203.
-85
Calculate (20 - (76 - 57)) + -47.
-46
What is -93 + 4 - (27 + 1 - (-578 + 617))?
-78
What is (-28 - (-32 + 4)) + 5 + -5 + 34?
34
(8 - 17) + (-14 + 1 - -107 - (3 + -1))
83
What is -8 - -11 - -126 - -12 - (17 + 1)?
123
Calculate (16 - ((44 - 8) + -27)) + (1 - 0 - 62).
-54
-34 - (-12 + (-3 + 12 - -10) - (-2 + -1))
-44
What is the value of (-35 - -10) + 31 + -43 + 74?
37
What is the value of -78 + (-7 - -124) + (0 - 0) + -9?
30
Calculate 1 - 9 - (-139 - (-3 + -24)) - (-99 - -114).
89
What is (1 - 8) + -11 - (33 - -10)?
-61
Evaluate -64 + 266 - 104 - (1 - -28).
69
What is the value of 1 + 6 - (105 + (159 - 318))?
61
Calculate 7 + (2 - (-1 + 2)) + (87 - (31 - -99)).
-35
What is -259 - -125 - (6 - (17 - 4)) - (14 - 1)?
-140
What is the value of 2 - -21 - (-1 - (-8 - 0))?
16
Evaluate -80 - (-87 - 30 - 18).
55
Calculate 32 + -50 - -76 - 47.
11
(-6 + (2 - 0) - -19) + -8 + 2 + 2
11
Calculate (-17 - (-7 + -7)) + -41 + 65.
21
What is 18 - (-134 - -125) - (0 - 5)?
32
Evaluate 24 - 1 - (9 + -11 + 22 + -20).
23
What is (-14 + 26 + -4 - (-3 - -1)) + 0 + -3?
7
Calculate 1 - -16 - (13 + -26 + (59 - 92)).
63
Calculate 0 + 63 + 23 + -44 + 25 + 23.
90
Calculate 39 - (95 + -20) - (-1 + -4 + -5 - -2).
-28
What is the value of 3 + 3 - (28 + (3 - 13)) - (-1 - 98)?
87
Evaluate (24 + 9 + -13 - 11) + (34 + -1 - -7).
49
-36 - (52 - (107 - 40))
-21
18 + -6 + (-4 - (-3 + 9)) + 34
36
Evaluate -94 - (5 + (-130 - -79)).
-48
What is the value of -93 - -162 - (-28 + 74)?
23
What is 13 + -1 - (-12 - (14 + 25 + -29) - 3)?
37
What is 44 + -8 + -8 + (-7 - (10 + -23) - 11)?
23
Evaluate 14 + (7 + -25 - (-3 - 5 - -6)).
-2
Calculate 32 + (3 - -10) - (35 + -16).
26
Evaluate -137 - (24 + (-61 - -23)).
-123
Calculate 100 + -121 + 17 + 22.
18
What is the value of -42 + 44 + -41 + 42 - (1 + -59)?
61
6 + 13 - (-3 + (39 - 11)) - 40
-46
Evaluate -4 + -18 + -22 - -16 - 17.
-45
What is the value of 64 - (22 + -13 + 0 - 0)?
55
66 + -144 + (-3 - -96)
15
Calculate 49 + -27 + -7 - 19 - (-2 + 2 - -3).
-7
What is the value of (10 - -3) + (-20 + -7 - -17) + (-4 - 23)?
-24
What is the value of -1 + (27 - 3) + (9 - 14 - (-12 - 2))?
32
What is the value of -38 + -4 - (8 - (4 + 11) - -3)?
-38
Evaluate 34 - 42 - (0 + 63) - ((-1 - 8) + 15).
-77
Calculate -2 + -27 + (37 - -6) + 76.
90
Evaluate -18 - (-1 - 0) - (56 + -38).
-35
(17 - 19) + (11 - 1 - 23)
-15
What is the value of 1 + -41 - (163 + -167 + (-1 - 14) - -19)?
-40
Calculate 286 - (81 + -9 + 89).
125
14 + 0 + -14 + -45 - -7 - -4
-34
What is the value of 25 - 101 - (-250 + 159)?
15
Evaluate (8 - 10) + -7 - (-11 + 2) - 35.
-35
-80 - -5 - -131 - 53
3
(-55 - -34) + (3 - 11 - -40)
11
What is 125 + (-26 - -10) + -33?
76
What is 39 + (-68 - (10 + -1))?
-38
Evaluate -2144 + 2199 - (1 - -58).
-4
What is 0 + 0 + 6 + 27 + (-17 - -26)?
42
Calculate (-10 - 4 - -19) + 23 + 17.
45
What is 4921 - 5028 - (2 + -106)?
-3
What is (-4 - 10) + (34 - (-5 + 4)) - 4?
17
What is the value of -16 + (130 - -1) + (367 - 400)?
82
What is 0 - (2 + -4) - (-5 - -5) - (-157 - -115)?
44
Calculate 95 + (28 - 6 - (112 - 107)).
112
Evaluate -25 + -1 + 18 + (-110 - -99).
-19
What is 23 + (-39 + 40 - 50)?
-26
Evaluate (36 + -44 - 11) + 56.
37
17 - 10 - (16 + -20 - 15)
26
What is the value of (-26 - -11) + -8 + -10?
-33
Calculate -14 + -14 + -5 + 12 + -14 + 15.
-20
What is the value of (4 - 4) + (2 - -8) + (-31 + 28 - 8)?
-1
What is the value of -1 - (151 + 1) - (5880 + -5924)?
-109
Evaluate (-2403 - -2420) + (-69 - -2).
-50
What is (-2 + -1 + -3 - -14) + (-55 - (66 + -23))?
-90
-42 + (16 - 3) + -20 + (7 - 6)
-48
Calculate -9 + (-24 - -15) + (1 - -7) + 2 + -12.
-20
Calculate 1 + -2 + (65 + -29 + -32 - (-13 - 18)).
34
Evaluate -95 + 1 - (3607 - 3786).
85
What is the value of -92 - 1 - (-7282 - -7229)?
-40
Evaluate (-94 - -26) + (2 - (-8 - -5)) + -4 + -5.
-72
What is -1 + 41 + (2365 - 2363) - 73?
-31
39 + 37 + -21 - (-1 + (-2 - -13))
45
Evaluate (1 + 4 - -3) + (-72 - (40 - 51)).
-53
Evaluate -21 + (-25 - -13) + 62.
29
10 - 12 - (41 - (19 - 64))
-88
-13 - -54 - (15 + (-19 - 6))
51
What is the value of 35 - (26 + 67) - ((-14 - 1) + 2)?
-45
-34 + (11 + -8 - -5) - (6 - (-3 - 0))
-35
Calculate -1 - 15 - (-2 - (1 - (-29 - -15) - 16)).
-15
Evaluate 30 + -42 + 56 + (5 - 2).
47
What is 1 + -6 + (-320 - -216 - -133)?
24
Evaluate 23 - (-109 - -104 - (-3 - (-5 + 1)) - -8).
21
What is the value of (72 + (-20 - 95) - -48) + 0 + -101?
-96
Calculate 61 - 32 - 52 - -52.
29
Evaluate 6 + -3 + 23 + 27 + -8 + -12.
33
What is (34 + 118 - 147) + (46 - -2)?
53
19 - (-138 - -135) - (-6 + -1 + 1)
28
What is 79 + -60 + (3 - -20) + 0?
42
Calculate -50 - -153 - 53 - 33.
17
What is -16 - 8 - (1 + -32)?
7
23 - ((-30 + 15 - -12) + 3)
23
Evaluate (-58 - -53 - 8) + 13 + 2.
2
What is the value of 1 + 58 + (-23 + 30 - (-6 + 8 + 6))?
58
Calculate (-37 + 17 - (-1 + -10)) + (-3 - -70 - 4).
54
Evaluate (-91 - 2 - (-9 - -10)) + (-23 - -35).
-82
Calculate (-54 - (17 + -78)) + -41.
-34
Evaluate 91 + (-12 - (11 - (-6 + -3) - 32)).
91
79 + ((38 - 28) + 11 + -4 - 30)
66
Calculate (19 - 1 - (-40 + -39 + 105)) + (-3 - -49).
38
Evaluate (-46 + 64 + -27 - -42) + 78.
111
Calculate -5871 - -5941 - (2 - 5 - (-9 + -1 + -4)).
59
Calculate (25 - 2) + 19 + -57 + 57.
42
Calculate (27 - 10) + -4 + 0 + (50 - 39).
24
-31 + 123 + -1 + 7 - 36
62
Calculate 19 + -80 + 14 - -11 - (5 + 1 + -3).
-39
8 + -35 + 10 + -5 + -10 + -2 + 15
-19
What is the val